{"id":12,"date":"2016-01-18T22:53:52","date_gmt":"2016-01-18T21:53:52","guid":{"rendered":"http:\/\/barncompaniet.se\/?page_id=12"},"modified":"2025-01-14T17:29:55","modified_gmt":"2025-01-14T16:29:55","slug":"anmalan","status":"publish","type":"page","link":"https:\/\/barncompaniet.se\/index.php\/anmalan\/","title":{"rendered":"Anm\u00e4lan"},"content":{"rendered":"\n<p><strong>Anm\u00e4lan om plats p\u00e5 f\u00f6rskolan BarnCompaniet&nbsp;<\/strong><\/p>\n\n\n\n<p>P\u00e5 BarnCompaniet har vi \u00e5ldershomogena barngrupper, vilket ger oss m\u00f6jligt att designa den pedagogiska milj\u00f6n och v\u00e5r verksamhetsorganisation utifr\u00e5n tillg\u00e4nglighet, delaktighet, utveckling och progression i barns l\u00e4rande. Organisationen och lokalerna p\u00e5 BarnCompaniet \u00e4r byggda efter v\u00e5r verksamhetsid\u00e9. <strong><a href=\"https:\/\/barncompaniet.se\/index.php\/information-anmalan\/\" data-type=\"page\" data-id=\"720\">[L\u00e4s mer h\u00e4r]<\/a><\/strong><\/p>\n\n\n\n<p>Mottagande av barn sker i f\u00f6rh\u00e5llande till ledig plats i respektive \u00e5ldersgrupp. Vanligtvis sker inskolningen i augusti. K\u00f6n utg\u00e5r fr\u00e5n barnets \u00e5lder f\u00f6r placering i den grupp som har en ledig plats.&nbsp;<\/p>\n\n\n\n<p>Vi har en k\u00f6 till v\u00e5r ett\u00e5rsgrupp, en k\u00f6 till v\u00e5r tv\u00e5\u00e5rsgrupp, en k\u00f6 till v\u00e5r tre\u00e5rsgrupp samt en k\u00f6 till v\u00e5r fyra- fem\u00e5rsgrupp.&nbsp; Barnet st\u00e4lls i turordning efter det datum anm\u00e4lan om plats inkommit till f\u00f6rskolan BarnCompaniet.<\/p>\n\n\n\n<p><strong>Turordningsregler&nbsp;<\/strong><\/p>\n\n\n\n<p>Vi f\u00f6ljer de kommunala k\u00f6reglerna och beviljar f\u00f6rturer f\u00f6r i f\u00f6rsta hand syskon och i andra hand k\u00f6tid.<\/p>\n\n\n\n<p><strong>Besked om plats&nbsp;<\/strong><\/p>\n\n\n\n<p>N\u00e4r anm\u00e4lan kommit in f\u00e5r du ett bekr\u00e4ftelsemail. I februari varje \u00e5r ska en \u00e5teranm\u00e4lan ske om ni \u00f6nskar st\u00e5 kvar i k\u00f6n. Sista datum f\u00f6r \u00e5teranm\u00e4lan blir ni informerade om via mail, i samband med att vi inbjuder till \u00f6ppet hus. Besked om ert barn har erh\u00e5llit plats eller ej p\u00e5 f\u00f6rskolan kommer under slutet av mars m\u00e5nad. <\/p>\n\n\n\n<p><strong>Ans\u00f6kan&nbsp;<\/strong><\/p>\n\n\n\n<p>Du ans\u00f6ker i formul\u00e4ret nedan och ans\u00f6ker till den \u00e5rskull som ditt barn \u00e4r f\u00f6dd.<br><\/p>\n\n\n\n<div class=\"wpcf7 no-js\" id=\"wpcf7-f180-o1\" lang=\"sv-SE\" dir=\"ltr\" data-wpcf7-id=\"180\">\n<div class=\"screen-reader-response\"><p role=\"status\" aria-live=\"polite\" aria-atomic=\"true\"><\/p> <ul><\/ul><\/div>\n<form action=\"\/index.php\/wp-json\/wp\/v2\/pages\/12#wpcf7-f180-o1\" method=\"post\" class=\"wpcf7-form init\" aria-label=\"Kontaktformul\u00e4r\" novalidate=\"novalidate\" data-status=\"init\">\n<fieldset class=\"hidden-fields-container\"><input type=\"hidden\" name=\"_wpcf7\" value=\"180\" \/><input type=\"hidden\" name=\"_wpcf7_version\" value=\"6.1.5\" \/><input type=\"hidden\" name=\"_wpcf7_locale\" value=\"sv_SE\" \/><input type=\"hidden\" name=\"_wpcf7_unit_tag\" value=\"wpcf7-f180-o1\" \/><input type=\"hidden\" name=\"_wpcf7_container_post\" value=\"0\" \/><input type=\"hidden\" name=\"_wpcf7_posted_data_hash\" value=\"\" \/><input type=\"hidden\" name=\"_wpcf7_recaptcha_response\" value=\"\" \/>\n<\/fieldset>\n<p>\u00c5ret ditt barn \u00e4r f\u00f6dd:\n<\/p>\n<p><span class=\"wpcf7-form-control-wrap\" data-name=\"barn-fodd\"><input size=\"40\" maxlength=\"400\" class=\"wpcf7-form-control wpcf7-text wpcf7-validates-as-required\" aria-required=\"true\" aria-invalid=\"false\" value=\"\" type=\"text\" name=\"barn-fodd\" \/><\/span>\n<\/p>\n<p>Plats \u00f6nskas fr\u00e5n:\n<\/p>\n<p><span class=\"wpcf7-form-control-wrap\" data-name=\"barn-start\"><input size=\"40\" maxlength=\"400\" class=\"wpcf7-form-control wpcf7-text wpcf7-validates-as-required\" aria-required=\"true\" aria-invalid=\"false\" value=\"\" type=\"text\" name=\"barn-start\" \/><\/span>\n<\/p>\n<p>Barnets namn\n<\/p>\n<p><span class=\"wpcf7-form-control-wrap\" data-name=\"barn-namn\"><input size=\"40\" maxlength=\"400\" class=\"wpcf7-form-control wpcf7-text wpcf7-validates-as-required\" aria-required=\"true\" aria-invalid=\"false\" value=\"\" type=\"text\" name=\"barn-namn\" \/><\/span>\n<\/p>\n<p>Personnummer\n<\/p>\n<p><span class=\"wpcf7-form-control-wrap\" data-name=\"barn-persnr\"><input size=\"40\" maxlength=\"400\" class=\"wpcf7-form-control wpcf7-text wpcf7-validates-as-required\" aria-required=\"true\" aria-invalid=\"false\" value=\"\" type=\"text\" name=\"barn-persnr\" \/><\/span>\n<\/p>\n<p>Adress\n<\/p>\n<p><span class=\"wpcf7-form-control-wrap\" data-name=\"gem-adress\"><input size=\"40\" maxlength=\"400\" class=\"wpcf7-form-control wpcf7-text wpcf7-validates-as-required\" aria-required=\"true\" aria-invalid=\"false\" value=\"\" type=\"text\" name=\"gem-adress\" \/><\/span>\n<\/p>\n<p>Postnummer och ort\n<\/p>\n<p><span class=\"wpcf7-form-control-wrap\" data-name=\"gem-postnr\"><input size=\"40\" maxlength=\"400\" class=\"wpcf7-form-control wpcf7-text wpcf7-validates-as-required\" aria-required=\"true\" aria-invalid=\"false\" value=\"\" type=\"text\" name=\"gem-postnr\" \/><\/span>\n<\/p>\n<p>V\u00e5rdnadshavare 1\n<\/p>\n<p><span class=\"wpcf7-form-control-wrap\" data-name=\"pers1-namn\"><input size=\"40\" maxlength=\"400\" class=\"wpcf7-form-control wpcf7-text\" aria-invalid=\"false\" value=\"\" type=\"text\" name=\"pers1-namn\" \/><\/span>\n<\/p>\n<p>Personnummer\n<\/p>\n<p><span class=\"wpcf7-form-control-wrap\" data-name=\"pers1-persnr\"><input size=\"40\" maxlength=\"400\" class=\"wpcf7-form-control wpcf7-text\" aria-invalid=\"false\" value=\"\" type=\"text\" name=\"pers1-persnr\" \/><\/span>\n<\/p>\n<p>Yrke\n<\/p>\n<p><span class=\"wpcf7-form-control-wrap\" data-name=\"pers1-yrke\"><input size=\"40\" maxlength=\"400\" class=\"wpcf7-form-control wpcf7-text\" aria-invalid=\"false\" value=\"\" type=\"text\" name=\"pers1-yrke\" \/><\/span>\n<\/p>\n<p>Telefon\n<\/p>\n<p><span class=\"wpcf7-form-control-wrap\" data-name=\"pers1-tel\"><input size=\"40\" maxlength=\"400\" class=\"wpcf7-form-control wpcf7-tel wpcf7-text wpcf7-validates-as-tel\" aria-invalid=\"false\" value=\"\" type=\"tel\" name=\"pers1-tel\" \/><\/span>\n<\/p>\n<p>E-post\n<\/p>\n<p><span class=\"wpcf7-form-control-wrap\" data-name=\"pers1-epost\"><input size=\"40\" maxlength=\"400\" class=\"wpcf7-form-control wpcf7-email wpcf7-validates-as-required wpcf7-text wpcf7-validates-as-email\" aria-required=\"true\" aria-invalid=\"false\" value=\"\" type=\"email\" name=\"pers1-epost\" \/><\/span>\n<\/p>\n<p>V\u00e5rdnadshavare 2\n<\/p>\n<p><span class=\"wpcf7-form-control-wrap\" data-name=\"pers2-namn\"><input size=\"40\" maxlength=\"400\" class=\"wpcf7-form-control wpcf7-text\" aria-invalid=\"false\" value=\"\" type=\"text\" name=\"pers2-namn\" \/><\/span>\n<\/p>\n<p>Personnummer\n<\/p>\n<p><span class=\"wpcf7-form-control-wrap\" data-name=\"pers2-persnr\"><input size=\"40\" maxlength=\"400\" class=\"wpcf7-form-control wpcf7-text\" aria-invalid=\"false\" value=\"\" type=\"text\" name=\"pers2-persnr\" \/><\/span>\n<\/p>\n<p>Yrke\n<\/p>\n<p><span class=\"wpcf7-form-control-wrap\" data-name=\"pers2-yrke\"><input size=\"40\" maxlength=\"400\" class=\"wpcf7-form-control wpcf7-text\" aria-invalid=\"false\" value=\"\" type=\"text\" name=\"pers2-yrke\" \/><\/span>\n<\/p>\n<p>Telefon\n<\/p>\n<p><span class=\"wpcf7-form-control-wrap\" data-name=\"pers2-tel\"><input size=\"40\" maxlength=\"400\" class=\"wpcf7-form-control wpcf7-tel wpcf7-text wpcf7-validates-as-tel\" aria-invalid=\"false\" value=\"\" type=\"tel\" name=\"pers2-tel\" \/><\/span>\n<\/p>\n<p>E-post\n<\/p>\n<p><span class=\"wpcf7-form-control-wrap\" data-name=\"pers2-epost\"><input size=\"40\" maxlength=\"400\" class=\"wpcf7-form-control wpcf7-email wpcf7-validates-as-required wpcf7-text wpcf7-validates-as-email\" aria-required=\"true\" aria-invalid=\"false\" value=\"\" type=\"email\" name=\"pers2-epost\" \/><\/span>\n<\/p>\n<p>Vi \u00f6nskar\n<\/p>\n<p><span class=\"wpcf7-form-control-wrap\" data-name=\"gem-heldeltid\"><span class=\"wpcf7-form-control wpcf7-radio\"><span class=\"wpcf7-list-item first\"><input type=\"radio\" name=\"gem-heldeltid\" value=\"Heltidsplats\" \/><span class=\"wpcf7-list-item-label\">Heltidsplats<\/span><\/span><span class=\"wpcf7-list-item last\"><input type=\"radio\" name=\"gem-heldeltid\" value=\"Deltidsplats\" \/><span class=\"wpcf7-list-item-label\">Deltidsplats<\/span><\/span><\/span><\/span>\n<\/p>\n<p>Vi \u00e4r medlemmar i barncompaniet\n<\/p>\n<p><span class=\"wpcf7-form-control-wrap\" data-name=\"gem-medlem\"><span class=\"wpcf7-form-control wpcf7-radio\"><span class=\"wpcf7-list-item first\"><input type=\"radio\" name=\"gem-medlem\" value=\"Ja\" \/><span class=\"wpcf7-list-item-label\">Ja<\/span><\/span><span class=\"wpcf7-list-item last\"><input type=\"radio\" name=\"gem-medlem\" value=\"Nej\" \/><span class=\"wpcf7-list-item-label\">Nej<\/span><\/span><\/span><\/span>\n<\/p>\n<p>\u00d6vriga upplysningar\n<\/p>\n<p><span class=\"wpcf7-form-control-wrap\" data-name=\"gem-ovrigt\"><textarea cols=\"40\" rows=\"10\" maxlength=\"2000\" class=\"wpcf7-form-control wpcf7-textarea\" aria-invalid=\"false\" name=\"gem-ovrigt\"><\/textarea><\/span>\n<\/p>\n<p><input class=\"wpcf7-form-control wpcf7-submit has-spinner\" type=\"submit\" value=\"Skicka\" \/>\n<\/p><div class=\"wpcf7-response-output\" aria-hidden=\"true\"><\/div>\n<\/form>\n<\/div>\n\n<p><strong>K\u00f6hantering f\u00f6r F\u00f6rskolan BarnCompaniet<\/strong><\/p>\n<p>Placering i k\u00f6 f\u00e5r ske fr\u00e5n och med barnets f\u00f6delse. Ans\u00f6kan ska vara skriftlig eller via e-post. Ans\u00f6kan ska st\u00e4mplas med ankomstdatum eller via e-post skickat datum och sen sparas i k\u00f6p\u00e4rm. F\u00f6rskolans rektor\/bitr\u00e4dande rektor beslutar om placeringar av barn f\u00f6r att f\u00e5 en v\u00e4l sammansatt barngrupp.<\/p>","protected":false},"excerpt":{"rendered":"<p>Anm\u00e4lan om plats p\u00e5 f\u00f6rskolan BarnCompaniet&nbsp; P\u00e5 BarnCompaniet har vi \u00e5ldershomogena barngrupper, vilket ger oss m\u00f6jligt att designa den pedagogiska milj\u00f6n och v\u00e5r verksamhetsorganisation utifr\u00e5n tillg\u00e4nglighet, delaktighet, utveckling och progression i barns l\u00e4rande. Organisationen och lokalerna p\u00e5 BarnCompaniet \u00e4r byggda efter v\u00e5r verksamhetsid\u00e9. [L\u00e4s mer h\u00e4r] Mottagande av barn sker i f\u00f6rh\u00e5llande till ledig plats [&hellip;]<\/p>\n","protected":false},"author":1,"featured_media":0,"parent":0,"menu_order":0,"comment_status":"closed","ping_status":"open","template":"","meta":{"_bbp_topic_count":0,"_bbp_reply_count":0,"_bbp_total_topic_count":0,"_bbp_total_reply_count":0,"_bbp_voice_count":0,"_bbp_anonymous_reply_count":0,"_bbp_topic_count_hidden":0,"_bbp_reply_count_hidden":0,"_bbp_forum_subforum_count":0,"footnotes":""},"class_list":["post-12","page","type-page","status-publish","hentry"],"_links":{"self":[{"href":"https:\/\/barncompaniet.se\/index.php\/wp-json\/wp\/v2\/pages\/12","targetHints":{"allow":["GET"]}}],"collection":[{"href":"https:\/\/barncompaniet.se\/index.php\/wp-json\/wp\/v2\/pages"}],"about":[{"href":"https:\/\/barncompaniet.se\/index.php\/wp-json\/wp\/v2\/types\/page"}],"author":[{"embeddable":true,"href":"https:\/\/barncompaniet.se\/index.php\/wp-json\/wp\/v2\/users\/1"}],"replies":[{"embeddable":true,"href":"https:\/\/barncompaniet.se\/index.php\/wp-json\/wp\/v2\/comments?post=12"}],"version-history":[{"count":16,"href":"https:\/\/barncompaniet.se\/index.php\/wp-json\/wp\/v2\/pages\/12\/revisions"}],"predecessor-version":[{"id":1226,"href":"https:\/\/barncompaniet.se\/index.php\/wp-json\/wp\/v2\/pages\/12\/revisions\/1226"}],"wp:attachment":[{"href":"https:\/\/barncompaniet.se\/index.php\/wp-json\/wp\/v2\/media?parent=12"}],"curies":[{"name":"wp","href":"https:\/\/api.w.org\/{rel}","templated":true}]}}