{"id":16,"date":"2016-01-18T22:54:53","date_gmt":"2016-01-18T21:54:53","guid":{"rendered":"http:\/\/barncompaniet.se\/?page_id=16"},"modified":"2023-04-14T13:44:48","modified_gmt":"2023-04-14T11:44:48","slug":"lankar","status":"publish","type":"page","link":"https:\/\/barncompaniet.se\/index.php\/lankar\/","title":{"rendered":"L\u00e4nkar"},"content":{"rendered":"<p><a href=\"https:\/\/www.reggioemilia.se\">Reggio Emiliainstitutet<\/a><\/p>\n<p><a href=\"https:\/\/www.friaemilia.se\">Friskola Fria Emilia<\/a><\/p>\n<p><a href=\"https:\/\/www.boden.se\">Bodens kommun<\/a><\/p>\n<p><a href=\"https:\/\/www.skolverket.se\/\">Skolverket<\/a><\/p>\n<p><a href=\"https:\/\/www.friskola.se\/\">Friskolornas riksf\u00f6rbund<\/a><\/p>\n<p><a href=\"https:\/\/www.coompanion.se\">Coompanion<\/a><\/p>\n<p><a href=\"https:\/\/www.kfo.se\">Kooperatioonens f\u00f6rhandlingsorganisation<\/a><\/p>\n<p><a href=\"https:\/\/www.folksam.se\/\">KP Pension &amp; F\u00f6rs\u00e4kring<\/a><\/p>\n<p><a href=\"https:\/\/www.sefif.se\/bli-medlem\">Sefif &#8211; enskilda f\u00f6rskolor i fokus<\/a><\/p>\n<p><a href=\"https:\/\/www.nllplus.se\/For-vardgivare-inom-halso--och-sjukvard\/Smittskydd\/Forskoleportalen\/Foraldrainformation---om-sjukdomar1\/\">F\u00f6r\u00e4ldrainformation &#8211; om sjukdomar &#8211; Region Norrbotten<\/a><\/p>\n","protected":false},"excerpt":{"rendered":"<p>Reggio Emiliainstitutet Friskola Fria Emilia Bodens kommun Skolverket Friskolornas riksf\u00f6rbund Coompanion Kooperatioonens f\u00f6rhandlingsorganisation KP Pension &amp; F\u00f6rs\u00e4kring Sefif &#8211; enskilda f\u00f6rskolor i fokus F\u00f6r\u00e4ldrainformation &#8211; om sjukdomar &#8211; Region Norrbotten<\/p>\n","protected":false},"author":1,"featured_media":0,"parent":0,"menu_order":0,"comment_status":"closed","ping_status":"open","template":"","meta":{"_bbp_topic_count":0,"_bbp_reply_count":0,"_bbp_total_topic_count":0,"_bbp_total_reply_count":0,"_bbp_voice_count":0,"_bbp_anonymous_reply_count":0,"_bbp_topic_count_hidden":0,"_bbp_reply_count_hidden":0,"_bbp_forum_subforum_count":0,"footnotes":""},"class_list":["post-16","page","type-page","status-publish","hentry"],"_links":{"self":[{"href":"https:\/\/barncompaniet.se\/index.php\/wp-json\/wp\/v2\/pages\/16","targetHints":{"allow":["GET"]}}],"collection":[{"href":"https:\/\/barncompaniet.se\/index.php\/wp-json\/wp\/v2\/pages"}],"about":[{"href":"https:\/\/barncompaniet.se\/index.php\/wp-json\/wp\/v2\/types\/page"}],"author":[{"embeddable":true,"href":"https:\/\/barncompaniet.se\/index.php\/wp-json\/wp\/v2\/users\/1"}],"replies":[{"embeddable":true,"href":"https:\/\/barncompaniet.se\/index.php\/wp-json\/wp\/v2\/comments?post=16"}],"version-history":[{"count":9,"href":"https:\/\/barncompaniet.se\/index.php\/wp-json\/wp\/v2\/pages\/16\/revisions"}],"predecessor-version":[{"id":1083,"href":"https:\/\/barncompaniet.se\/index.php\/wp-json\/wp\/v2\/pages\/16\/revisions\/1083"}],"wp:attachment":[{"href":"https:\/\/barncompaniet.se\/index.php\/wp-json\/wp\/v2\/media?parent=16"}],"curies":[{"name":"wp","href":"https:\/\/api.w.org\/{rel}","templated":true}]}}